et h(q) = 26*q. Let g be h(2). Suppose -m - 11 - 19 = 0. Let n = g + m. Calculate the greatest common divisor of n and 55.
11
Suppose f - 4*f = -12. Suppose 2*n - 6 = -5*a, 2*n - 4 + 0 = -4*a. Suppose 0 = 2*c - m + a*m - 7, 5*m - 15 = -5*c. What is the highest common factor of f and c?
4
Suppose 0 = -4*x + 9 + 11. Suppose -7*y = -2*y + 4*t, 0 = 5*y + 2*t - 10. Suppose 0 = -y*m + m + 30. Calculate the highest common divisor of m and x.
5
Let j(v) = v**3 - 12*v**2 + 12*v - 8. Let g be j(11). Suppose 16 = g*t + 1. Suppose u + 44 = t*u. What is the highest common factor of 99 and u?
11
Let i be (5/15)/((-2)/(-30)). Let j(s) = -s**2 + 9*s - 10. Let t be j(7). Suppose t*k + 1 = i. What is the highest common factor of k and 3?
1
Let k(q) = -q + 7. Let c be k(4). Suppose c*j - 106 = -7*b + 2*b, 10 = 5*j. What is the highest common divisor of 10 and b?
10
Suppose 5*q = -0*q + 20. Suppose -51 = -q*h - t - 2*t, 2*t + 21 = h. Calculate the highest common factor of h and 60.
15
Suppose 3 = -3*w, 4*h + 5*w + 77 = -56. Let i = -5 - h. Calculate the highest common factor of 9 and i.
9
Suppose 5*b - 176 = b. What is the greatest common divisor of b and 4?
4
Suppose -5*j = 4*z - 13, 4*z = -j - 0*j - 7. Let s = -6 - -10. Suppose -s*d + 9*d - 175 = 0. What is the highest common factor of j and d?
5
Suppose -2*f + 6*f = 60. Let z(w) = w - 1. Let l be z(3). Suppose 5*n + l*a = -0*n + 675, -a = -n + 135. Calculate the greatest common factor of n and f.
15
Let i(l) = -l**2 + 3*l + 2. Let x be i(3). Suppose 3*s - 4*k = 50, 4*k + 9 - 49 = -2*s. What is the highest common divisor of x and s?
2
Let k(m) = 4*m**2 + 2*m - 1. Let d be k(2). Suppose 0 = -2*t + d + 41. Let y = 43 - 28. Calculate the highest common factor of t and y.
15
Suppose -3*l = 3*q - 9, -3*q + 12 = q + 5*l. What is the highest common factor of q and 6?
3
Suppose 24 = -5*v + 89. Calculate the greatest common factor of 52 and v.
13
Let n(u) = u**2 + 3*u - 11. Let m be n(-6). What is the highest common factor of 49 and m?
7
Suppose -5*b + 1 = s, 3*s = 2*s + b + 13. Let j = 62 - s. Suppose -4*x = -2*z + 32, -x = 5*z - 7 - j. Calculate the highest common factor of 108 and z.
12
Suppose 3*f - 30 = 3*z - 2*z, f = 4*z + 98. Let g be 1/(-3) + 256/(-24). Let s = g - z. What is the highest common divisor of 13 and s?
13
Let q be (-8)/2*((-21)/12 - 2). What is the highest common divisor of 3 and q?
3
Let r be (15/(-20))/((-6)/16). Let a be (r/1)/((-2)/(-12)). What is the highest common divisor of a and 12?
12
Let h(r) = -133*r. Let x be h(-1). Let v(w) = -2*w - 1 + 4*w - 19*w - 3*w. Let q be v(-1). Calculate the highest common divisor of q and x.
19
Suppose -33 = -3*h - 5*o + 2*o, 4 = o. Let t = h + 3. What is the greatest common divisor of 15 and t?
5
Suppose -2*z = -6 + 4. Suppose i - 2 = 0, f + 0*i - 5*i = z. Calculate the greatest common divisor of 33 and f.
11
Let g = -74 - -129. Let u = 77 - g. Calculate the greatest common divisor of u and 242.
22
Let m = -82 - -188. What is the greatest common divisor of 159 and m?
53
Let q(m) = -4*m + 104. Let p be q(21). Suppose 3*f + f - 120 = 0. Calculate the highest common factor of p and f.
10
Suppose 2*b - 5*u - 16 = 0, -4*b + 4*u = b - 40. Let v be (-5)/((-5)/6) - 2. Let k be v/(-6) + 196/6. Calculate the highest common divisor of b and k.
8
Suppose -3*z + z = -3*a + 116, -192 = -5*a + 4*z. Let w = a - 19. What is the highest common factor of w and 7?
7
Let m(v) = -8*v + 2 + 2*v - 4. Let p be m(-2). What is the greatest common divisor of 40 and p?
10
Let l(u) = -u + 31. Let f be l(-10). Calculate the highest common divisor of 164 and f.
41
Let w = -146 + 223. Calculate the highest common divisor of 11 and w.
11
Let l = 15 + -11. Suppose -l*g + 3*k - 8 = -48, 4*k - 42 = -2*g. What is the greatest common factor of g and 13?
13
Let o be (-1720)/(-22) - 18/99. Let q be (10/(-4))/(-5)*o. What is the highest common divisor of 13 and q?
13
Let o(s) = s + 1. Let n(f) = 8. Let l(z) = -n(z) + 4*o(z). Let k be l(6). Calculate the highest common factor of k and 8.
4
Let s(m) = 366*m**2 + m. Let u be s(1). Suppose -u = -2*i - 115. What is the highest common divisor of 18 and i?
18
Let t = -1 + 3. Let b(m) = 4*m - 4*m + 2*m + 6*m**3 - m - 2. Let f be b(t). What is the highest common divisor of f and 6?
6
Suppose 4 = 2*u, -5*q = -q + 2*u - 92. Calculate the highest common factor of q and 11.
11
Suppose k - 5 = 3. What is the greatest common divisor of 2 and k?
2
Let b be 0 - 6/3*-5. Let x(y) be the second derivative of -31*y**3/6 - y**2/2 - 2*y. Let u be x(-1). What is the highest common divisor of b and u?
10
Let i(c) = 4*c**3 + c**2 + c. Let f be i(-2). Let l = 44 + f. Let z = 76 + -20. Calculate the greatest common divisor of z and l.
14
Suppose 5*m - 5*a = 135, 0 = 3*a - 0*a - 9. Suppose 3*w - 10 = -b - 3, -2*b - 8 = -5*w. Let u be (8 + 2)/(b/1). What is the highest common factor of m and u?
10
Let d be ((-58)/3)/(1/(-6)). Suppose -d - 4 = -x. Let k be (10/8)/(1/12). What is the highest common divisor of k and x?
15
Let z = 21 - 7. Suppose -17*f + 15*f + 42 = 0. What is the highest common factor of f and z?
7
Let m(o) = 2*o**2 + 7*o + 4. Let k be m(-4). Let z be (-2)/(-4) - 60/(-8). What is the highest common factor of z and k?
8
Let d = 8 - 4. Suppose 4*m + i - 164 = -2*i, -4*i = -d*m + 192. What is the greatest common factor of 4 and m?
4
Suppose 5*a = 25, 2*v - a + 8 = a. What is the greatest common divisor of 7 and v?
1
Let y(l) = l**2 - l + 24. Let j(h) = h**3 - 2*h**2 - 3*h. Let v be j(3). Let p be y(v). Calculate the greatest common divisor of p and 16.
8
Let c(z) = 8*z**2 - 2*z - 3. Suppose 0 = -3*u - 6 + 57. Suppose 0 = 4*j + 5 - u. Let o be c(j). Calculate the greatest common divisor of o and 7.
7
Suppose -62 - 113 = 5*f. Let u = f - -59. Calculate the highest common factor of 60 and u.
12
Let n(q) = -q - 1. Let p be n(3). Let s(g) = -g**3 - 2*g**2 - g. Let v be s(p). Let d be (-24)/(-1) + 1 + -1. What is the greatest common divisor of d and v?
12
Suppose -m + 5*q + 78 = 0, -5*m + 2*q = -7*m + 96. What is the greatest common divisor of m and 106?
53
Let l = 9 + -6. Let j be l - 3/((-9)/(-6)). Calculate the highest common divisor of 8 and j.
1
Let v = 27 - 12. What is the highest common factor of 135 and v?
15
Suppose -3*z = -4*z + 3*v + 52, v = 5*z - 204. Calculate the greatest common divisor of z and 5.
5
Let y(g) = -g. Let d be y(2). Let f = d + 3. Let b be 11/(0 - (1 + -2)). What is the greatest common factor of b and f?
1
Let u be (6 - 3)/((-1)/(-27)). What is the greatest common factor of 54 and u?
27
Let g = -3 + 3. Suppose 4*o - 18 + 2 = g. Let m = -2 - -12. Calculate the highest common factor of o and m.
2
Suppose -35 = -2*n + 55. Let q = -75 + 105. Calculate the greatest common divisor of q and n.
15
Let j be (4/12)/((-1)/2)*-24. Calculate the greatest common divisor of j and 48.
16
Let k = 8 + -37. Suppose -2*o + 0*o - 18 = 0. Let q = o - k. What is the highest common factor of 220 and q?
20
Suppose 5*q - 163 = -2*h, -4*q + 36 + 296 = 4*h. Let b = 23 - 11. Calculate the highest common divisor of b and h.
12
Let z be (12/(-3))/(-8)*12. Calculate the greatest common divisor of 6 and z.
6
Let u be 24/84*(1 + 20). Let f(l) = -l**3 + 8*l**2 - 9*l + 5. Let k be f(u). Let m be (-13 + 1)*(-92)/6. What is the greatest common factor of m and k?
23
Suppose -j = -2*a - 197, -766 - 10 = -4*j + 5*a. What is the greatest common divisor of 21 and j?
21
Let m = 60 - 34. Suppose -18 = 5*l - 343. Calculate the greatest common divisor of l and m.
13
Let t be 8/5 - 6/(-15). What is the greatest common divisor of t and 6?
2
Suppose 4*j = -4*c + 128, 3*j + 84 = 4*c - 2*c. What is the greatest common divisor of c and 9?
9
Let r = -99 - -46. Let d = -23 - r. Let t(j) = -j**2 - 6*j + 6. Let s be t(-6). What is the greatest common divisor of s and d?
6
Suppose 2*j + 3*j = 30. Let v be (-24)/(-9)*j/(-4). Let r(d) = -d**3 - 2*d**2 + 4*d - 1. Let z be r(v). What is the greatest common divisor of z and 15?
15
Let g(m) = m**2. Let p be g(-3). What is the greatest common factor of 144 and p?
9
Let m(x) = -x**2 + 17*x + 22. Let v be m(17). What is the highest common factor of v and 22?
22
Suppose l = 10 - 3. Let v(m) be the first derivative of -9*m**4 - 2*m**3/3 + m + 2. Let h be v(-1)